{"id":60,"date":"2018-09-14T17:33:42","date_gmt":"2018-09-14T15:33:42","guid":{"rendered":"http:\/\/www.aegis-laichingen.de\/?page_id=60"},"modified":"2023-12-26T17:34:40","modified_gmt":"2023-12-26T16:34:40","slug":"aegis-geschichte","status":"publish","type":"page","link":"https:\/\/www.aegis-laichingen.de\/index.php\/aegis-geschichte\/","title":{"rendered":"Aegis Geschichte"},"content":{"rendered":"<p>Es war im Jahr 1945 als der Verlagsbuchh\u00e4ndler Ernst G. S. Bauer in seine Geburtsstadt <a href=\"http:\/\/www.ulm.de\">Ulm<\/a> nach 6 Jahren Wehrdienst zur\u00fcckkam. Er hatte den Traum, Verleger zu werden. Und endlich B\u00fccher zu verlegen, die ihm wichtig waren, die f\u00fcr eine kommende Demokratie wichtig sein sollten. Zuerst waren aber viel profanere Dinge wichtig: Satt werden. Und so \u00fcbernahm er den Auftrag der amerikanischen Besatzungsmacht, die \u201eNeue Zeitung\u201c im Raum zwischen Donau und Bodensee zu vertreiben. Nicht einfach zu der damaligen Zeit, aber er hat die Arbeit zur Zufriedenhei<a href=\"https:\/\/www.aegis-laichingen.de\/15aicher-signet\/\"><img loading=\"lazy\" class=\" wp-image-85 alignright\" src=\"https:\/\/www.aegis-laichingen.de\/wp-content\/uploads\/2018\/12\/15Aicher-Signet.jpg\" alt=\"\" width=\"118\" height=\"117\" srcset=\"https:\/\/www.aegis-laichingen.de\/wp-content\/uploads\/2018\/12\/15Aicher-Signet.jpg 276w, https:\/\/www.aegis-laichingen.de\/wp-content\/uploads\/2018\/12\/15Aicher-Signet-150x150.jpg 150w\" sizes=\"(max-width: 118px) 100vw, 118px\" \/><\/a>t aller ausgef\u00fchrt. So erhielt er am 18. April 1946 die Lizenz, einen Buchverlag zu gr\u00fcnden.<\/p>\n<p><a href=\"https:\/\/www.aegis-laichingen.de\/04chef-2\/\"><img loading=\"lazy\" class=\"alignleft size-medium wp-image-83\" src=\"https:\/\/www.aegis-laichingen.de\/wp-content\/uploads\/2018\/12\/04Chef-1-300x221.jpg\" alt=\"\" width=\"300\" height=\"221\" srcset=\"https:\/\/www.aegis-laichingen.de\/wp-content\/uploads\/2018\/12\/04Chef-1-300x221.jpg 300w, https:\/\/www.aegis-laichingen.de\/wp-content\/uploads\/2018\/12\/04Chef-1.jpg 650w\" sizes=\"(max-width: 300px) 100vw, 300px\" \/><\/a>Dieser Tag war die Geburtsstunde des Hauses AEGIS.<\/p>\n<p>AEGIS, so benannt nach dem Schild der Pallas Athene (Entwurf Otl Aicher 1947), mit dem diese Heldenjungfrau denen hilft, die ihr durch ihre Klugheit sympathisch sind (Beispiel Odysseus) bzw. als Schutz f\u00fcr das Gute fungiert.<br \/>\nDas erfolgreichste Projekt war die von Ernst G. S. Bauer entwickelte AEGIS-ZWEISPRACHEN-REIHE mit Auflagenh\u00f6hen von vielen Tausend Exemplaren.<br \/>\nDer AEGIS Verlag war der Kern, aus dem sich im Laufe der Jahrzehnte unterschiedliche Buch-Aktivit\u00e4ten entwickelten. Ein Fachbuchversand f\u00fcr Fachb\u00fccher verschiedener Handwerke (1949), vor allem dem Steinmetz-Handwer<a href=\"https:\/\/www.aegis-laichingen.de\/02wohlersche\/\"><img loading=\"lazy\" class=\"size-medium wp-image-87 alignright\" src=\"https:\/\/www.aegis-laichingen.de\/wp-content\/uploads\/2018\/12\/02Wohlersche-195x300.jpg\" alt=\"\" width=\"195\" height=\"300\" \/><\/a>k. Eine Sortimentsbuchhandlung (1950) mit allgemeinem Sortiment und einem Antiquariat (1958) mit einem breiten Buch- und Grafik-Angebot.<\/p>\n<p>1960 \u00fcbernahm Ernst Bauer die Wohlersche Buchhandlung, eine der \u00e4ltesten Buchhandlungen Deutschlands. In dieser Buchhandlung hatte er auch seine Buchhandelslehre in den 30er Jahren absolviert. Im Jahre 2007 musste sie leider liquidiert werden.<\/p>\n<p>1980 wurde die Buchhandlung und 1992 das Buch- und Kunstantiquariat und der Verlag, nach dem Tod des Firmengr\u00fcnders, von seinem Sohn Ernst Joachim Bauer \u00fcbernommen. Dieser er\u00f6ffnete 1987 in <a href=\"http:\/\/www.laichingen.de\">Laichingen<\/a> auf der Schw\u00e4bischen Alb eine Filiale der Buchhandlung.<\/p>\n<p>Zum 1. Juni 2018 wurde der Aegis Verlag an Herrn Rasmus Sch\u00f6ll verkauft, der die Firma unter dem alten Namen und als Aegis Literatur in Ulm weiterf\u00fchrt. Die Buchhandlung in <a href=\"https:\/\/www.aegis-laichingen.de\/aegis-laichingen\/\"><img loading=\"lazy\" class=\"size-medium wp-image-90 alignleft\" src=\"https:\/\/www.aegis-laichingen.de\/wp-content\/uploads\/2018\/12\/Aegis-Laichingen-300x156.jpg\" alt=\"\" width=\"300\" height=\"156\" srcset=\"https:\/\/www.aegis-laichingen.de\/wp-content\/uploads\/2018\/12\/Aegis-Laichingen-300x156.jpg 300w, https:\/\/www.aegis-laichingen.de\/wp-content\/uploads\/2018\/12\/Aegis-Laichingen-768x399.jpg 768w, https:\/\/www.aegis-laichingen.de\/wp-content\/uploads\/2018\/12\/Aegis-Laichingen-1024x532.jpg 1024w, https:\/\/www.aegis-laichingen.de\/wp-content\/uploads\/2018\/12\/Aegis-Laichingen.jpg 1167w\" sizes=\"(max-width: 300px) 100vw, 300px\" \/><\/a>Laichingen blieb danach unter dem Inhaber Ernst Joachim Bauer bestehen.<\/p>\n<p>Aus Altersgr\u00fcnden mu\u00dfte diese in Laichingen so sehr beliebte Buchhandlung zum 1.5.2021 geschlossen werden, da sich trotz intensiver Suche kein Nachfolger finden lie\u00df.<\/p>\n<p>Weiterhin wird das Buch- und Kunstantiquariat Aegis in Laichingen von Ernst Joachim Bauer betrieben.<\/p>\n","protected":false},"excerpt":{"rendered":"<p>Es war im Jahr 1945 als der Verlagsbuchh\u00e4ndler Ernst G. S. Bauer in seine Geburtsstadt Ulm nach 6 Jahren Wehrdienst zur\u00fcckkam. Er hatte den Traum, Verleger zu werden. Und endlich B\u00fccher zu verlegen, die ihm wichtig waren, die f\u00fcr eine kommende Demokratie wichtig sein sollten. Zuerst waren aber viel profanere Dinge wichtig: Satt werden. Und [&hellip;]<\/p>\n","protected":false},"author":1,"featured_media":0,"parent":0,"menu_order":0,"comment_status":"closed","ping_status":"closed","template":"","meta":{"inline_featured_image":false},"_links":{"self":[{"href":"https:\/\/www.aegis-laichingen.de\/index.php\/wp-json\/wp\/v2\/pages\/60"}],"collection":[{"href":"https:\/\/www.aegis-laichingen.de\/index.php\/wp-json\/wp\/v2\/pages"}],"about":[{"href":"https:\/\/www.aegis-laichingen.de\/index.php\/wp-json\/wp\/v2\/types\/page"}],"author":[{"embeddable":true,"href":"https:\/\/www.aegis-laichingen.de\/index.php\/wp-json\/wp\/v2\/users\/1"}],"replies":[{"embeddable":true,"href":"https:\/\/www.aegis-laichingen.de\/index.php\/wp-json\/wp\/v2\/comments?post=60"}],"version-history":[{"count":12,"href":"https:\/\/www.aegis-laichingen.de\/index.php\/wp-json\/wp\/v2\/pages\/60\/revisions"}],"predecessor-version":[{"id":243,"href":"https:\/\/www.aegis-laichingen.de\/index.php\/wp-json\/wp\/v2\/pages\/60\/revisions\/243"}],"wp:attachment":[{"href":"https:\/\/www.aegis-laichingen.de\/index.php\/wp-json\/wp\/v2\/media?parent=60"}],"curies":[{"name":"wp","href":"https:\/\/api.w.org\/{rel}","templated":true}]}}